{"id":93,"date":"2023-12-18T21:32:41","date_gmt":"2023-12-19T00:32:41","guid":{"rendered":"https:\/\/f22088116.wordpress.com\/blog\/"},"modified":"2024-04-17T01:21:20","modified_gmt":"2024-04-17T01:21:20","slug":"noticias","status":"publish","type":"page","link":"https:\/\/fdsl.org.do\/index.php\/noticias\/","title":{"rendered":"Noticias"},"content":{"rendered":"\n<main class=\"wp-block-group alignfull is-layout-constrained wp-block-group-is-layout-constrained\" style=\"margin-bottom:var(--wp--preset--spacing--70)\">\n<div class=\"wp-block-columns alignwide is-layout-flex wp-container-core-columns-is-layout-14cf5ab5 wp-block-columns-is-layout-flex\">\n<div class=\"wp-block-column is-layout-flow wp-block-column-is-layout-flow\" style=\"flex-basis:70%\">\n<div class=\"wp-block-group alignfull is-layout-flow wp-block-group-is-layout-flow\" style=\"padding-right:0;padding-left:0\">\n<div class=\"wp-block-query is-layout-flow wp-block-query-is-layout-flow\"><ul class=\"wp-block-post-template is-layout-flow wp-block-post-template-is-layout-flow\"><li class=\"wp-block-post post-512 post type-post status-publish format-standard has-post-thumbnail hentry category-fdsl tag-fdsl-sigue-impartiendo-curso-de-geogebra-a-traves-del-inafocam\">\n\n<div class=\"wp-block-group is-content-justification-left is-layout-constrained wp-container-core-group-is-layout-37dc2e5c wp-block-group-is-layout-constrained\" style=\"padding-bottom:var(--wp--preset--spacing--60)\">\n<div class=\"wp-block-group is-content-justification-left is-layout-constrained wp-container-core-group-is-layout-456ed23b wp-block-group-is-layout-constrained\"><div class=\"wp-block-post-date\"><time datetime=\"2022-07-25T23:13:00-04:00\">25 de julio de 2022<\/time><\/div>\n\n<h2 class=\"has-link-color wp-elements-0178a5b9fc81856ef2733511accafc73 wp-block-post-title\"><a href=\"https:\/\/fdsl.org.do\/index.php\/2022\/07\/25\/fdsl-sigue-impartiendo-curso-de-geogebra-a-traves-del-inafocam\/\" target=\"_self\" >FDSL sigue impartiendo curso de Geogebra a trav\u00e9s del INAFOCAM<\/a><\/h2>\n\n<div class=\"wp-block-post-excerpt\"><p class=\"wp-block-post-excerpt__excerpt\">Santo Domingo.- EL Instituto Nacional de Formaci\u00f3n y Capacitaci\u00f3n del Magisterio (Inafocam) y la Fundaci\u00f3n Dominicana de Software Libre (FDSL), siguen impartiendo el curso \u201cGeogebra: Herramienta Tecnol\u00f3gica para la Ense\u00f1anza&hellip; <a class=\"wp-block-post-excerpt__more-link\" href=\"https:\/\/fdsl.org.do\/index.php\/2022\/07\/25\/fdsl-sigue-impartiendo-curso-de-geogebra-a-traves-del-inafocam\/\">Read more<\/a><\/p><\/div><\/div>\n<\/div>\n\n<\/li><li class=\"wp-block-post post-498 post type-post status-publish format-standard hentry category-fdsl tag-cultura tag-republica-dominicana tag-sofware-libre\">\n\n<div class=\"wp-block-group is-content-justification-left is-layout-constrained wp-container-core-group-is-layout-37dc2e5c wp-block-group-is-layout-constrained\" style=\"padding-bottom:var(--wp--preset--spacing--60)\">\n<div class=\"wp-block-group is-content-justification-left is-layout-constrained wp-container-core-group-is-layout-456ed23b wp-block-group-is-layout-constrained\"><div class=\"wp-block-post-date\"><time datetime=\"2016-09-21T14:38:00-04:00\">21 de septiembre de 2016<\/time><\/div>\n\n<h2 class=\"has-link-color wp-elements-0178a5b9fc81856ef2733511accafc73 wp-block-post-title\"><a href=\"https:\/\/fdsl.org.do\/index.php\/2016\/09\/21\/conferencias-en-la-feria-del-libro-2016\/\" target=\"_self\" >Conferencias en la Feria del Libro 2016<\/a><\/h2>\n\n<div class=\"wp-block-post-excerpt\"><p class=\"wp-block-post-excerpt__excerpt\">La&nbsp;Fundaci\u00f3n Dominicana de Software Libre&nbsp;dictar\u00e1 dos conferencias sobre el&nbsp;software libre&nbsp;en el puesto del&nbsp;INDOTEL&nbsp;en la&nbsp;XIX Feria Internacional del Libro Santo Domingo 2016: \u00a1Te esperamos! <a class=\"wp-block-post-excerpt__more-link\" href=\"https:\/\/fdsl.org.do\/index.php\/2016\/09\/21\/conferencias-en-la-feria-del-libro-2016\/\">Read more<\/a><\/p><\/div><\/div>\n<\/div>\n\n<\/li><li class=\"wp-block-post post-494 post type-post status-publish format-standard has-post-thumbnail hentry category-fdsl tag-fdsl tag-gnu-linux tag-republica-dominicana tag-revista-mercado tag-sofware-libre\">\n\n<div class=\"wp-block-group is-content-justification-left is-layout-constrained wp-container-core-group-is-layout-37dc2e5c wp-block-group-is-layout-constrained\" style=\"padding-bottom:var(--wp--preset--spacing--60)\">\n<div class=\"wp-block-group is-content-justification-left is-layout-constrained wp-container-core-group-is-layout-456ed23b wp-block-group-is-layout-constrained\"><div class=\"wp-block-post-date\"><time datetime=\"2015-09-24T12:31:00-04:00\">24 de septiembre de 2015<\/time><\/div>\n\n<h2 class=\"has-link-color wp-elements-0178a5b9fc81856ef2733511accafc73 wp-block-post-title\"><a href=\"https:\/\/fdsl.org.do\/index.php\/2015\/09\/24\/publicaciones-revista-mercado-technology\/\" target=\"_self\" >Publicaciones Revista Mercado Technology<\/a><\/h2>\n\n<div class=\"wp-block-post-excerpt\"><p class=\"wp-block-post-excerpt__excerpt\">La Fundaci\u00f3n Dominicana de Software Libre ha publicado art\u00edculos sobre diversos temas en la revista\u00a0Revista Mercado Technology\u00a0en varios n\u00fameros: Portada de la Edici\u00f3n: Proyecto Mang\u00fa GNU\/Linux (Octubre-Noviembre 2014). Sistemas de&hellip; <a class=\"wp-block-post-excerpt__more-link\" href=\"https:\/\/fdsl.org.do\/index.php\/2015\/09\/24\/publicaciones-revista-mercado-technology\/\">Read more<\/a><\/p><\/div><\/div>\n<\/div>\n\n<\/li><li class=\"wp-block-post post-490 post type-post status-publish format-standard has-post-thumbnail hentry category-fdsl tag-fdsl\">\n\n<div class=\"wp-block-group is-content-justification-left is-layout-constrained wp-container-core-group-is-layout-37dc2e5c wp-block-group-is-layout-constrained\" style=\"padding-bottom:var(--wp--preset--spacing--60)\">\n<div class=\"wp-block-group is-content-justification-left is-layout-constrained wp-container-core-group-is-layout-456ed23b wp-block-group-is-layout-constrained\"><div class=\"wp-block-post-date\"><time datetime=\"2014-12-22T07:45:00-04:00\">22 de diciembre de 2014<\/time><\/div>\n\n<h2 class=\"has-link-color wp-elements-0178a5b9fc81856ef2733511accafc73 wp-block-post-title\"><a href=\"https:\/\/fdsl.org.do\/index.php\/2014\/12\/22\/nota-luctuosa-dr-andres-guerrero\/\" target=\"_self\" >Nota Luctuosa: Dr. Andr\u00e9s Guerrero<\/a><\/h2>\n\n<div class=\"wp-block-post-excerpt\"><p class=\"wp-block-post-excerpt__excerpt\">Ha fallecido el se\u00f1or\u00a0Andr\u00e9s Mar\u00eda Guerrero Arias, quien fuera\u00a0Miembro Fundador\u00a0de esta\u00a0Fundaci\u00f3n Dominicana de Software Libre. Nos unimos al dolor de sus familiares en estos momentos de gran tristeza. El Dr.&hellip; <a class=\"wp-block-post-excerpt__more-link\" href=\"https:\/\/fdsl.org.do\/index.php\/2014\/12\/22\/nota-luctuosa-dr-andres-guerrero\/\">Read more<\/a><\/p><\/div><\/div>\n<\/div>\n\n<\/li><li class=\"wp-block-post post-698 post type-post status-publish format-standard has-post-thumbnail hentry category-fdsl tag-gnu-health tag-gnu-solidario tag-jamaica tag-salud\">\n\n<div class=\"wp-block-group is-content-justification-left is-layout-constrained wp-container-core-group-is-layout-37dc2e5c wp-block-group-is-layout-constrained\" style=\"padding-bottom:var(--wp--preset--spacing--60)\">\n<div class=\"wp-block-group is-content-justification-left is-layout-constrained wp-container-core-group-is-layout-456ed23b wp-block-group-is-layout-constrained\"><div class=\"wp-block-post-date\"><time datetime=\"2013-09-29T10:59:00-04:00\">29 de septiembre de 2013<\/time><\/div>\n\n<h2 class=\"has-link-color wp-elements-0178a5b9fc81856ef2733511accafc73 wp-block-post-title\"><a href=\"https:\/\/fdsl.org.do\/index.php\/2013\/09\/29\/jamaica-adopta-gnu-health\/\" target=\"_self\" >Jamaica adopta GNU Health<\/a><\/h2>\n\n<div class=\"wp-block-post-excerpt\"><p class=\"wp-block-post-excerpt__excerpt\">Felicitamos a las autoridades del Ministerio de Salud de Jamaica por ser el primer pa\u00eds en adoptar a&nbsp;GNU Health&nbsp;a nivel nacional. Desde la Fundaci\u00f3n Dominicana de Software Libre le brindamos&hellip; <a class=\"wp-block-post-excerpt__more-link\" href=\"https:\/\/fdsl.org.do\/index.php\/2013\/09\/29\/jamaica-adopta-gnu-health\/\">Read more<\/a><\/p><\/div><\/div>\n<\/div>\n\n<\/li><li class=\"wp-block-post post-481 post type-post status-publish format-standard has-post-thumbnail hentry category-fdsl tag-cei-rd tag-fdsl tag-gnu-health tag-republica-dominicana tag-software tag-tryton\">\n\n<div class=\"wp-block-group is-content-justification-left is-layout-constrained wp-container-core-group-is-layout-37dc2e5c wp-block-group-is-layout-constrained\" style=\"padding-bottom:var(--wp--preset--spacing--60)\">\n<div class=\"wp-block-group is-content-justification-left is-layout-constrained wp-container-core-group-is-layout-456ed23b wp-block-group-is-layout-constrained\"><div class=\"wp-block-post-date\"><time datetime=\"2013-09-07T00:21:00-04:00\">7 de septiembre de 2013<\/time><\/div>\n\n<h2 class=\"has-link-color wp-elements-0178a5b9fc81856ef2733511accafc73 wp-block-post-title\"><a href=\"https:\/\/fdsl.org.do\/index.php\/2013\/09\/07\/feria-dominicana-software-2013\/\" target=\"_self\" >Feria Dominicana Software 2013<\/a><\/h2>\n\n<div class=\"wp-block-post-excerpt\"><p class=\"wp-block-post-excerpt__excerpt\">Invitamos a toda la comunidad dominicana a la Feria Tecnol\u00f3gica Dominicana Software 2013 (http:\/\/www.cei-rd.gov.do\/ceird\/dominicanasoftware\/index.aspx) a celebrarse los d\u00edas 18 y 19 de septiemre, de 9:00 AM a 9:00 PM, en&hellip; <a class=\"wp-block-post-excerpt__more-link\" href=\"https:\/\/fdsl.org.do\/index.php\/2013\/09\/07\/feria-dominicana-software-2013\/\">Read more<\/a><\/p><\/div><\/div>\n<\/div>\n\n<\/li><li class=\"wp-block-post post-469 post type-post status-publish format-standard hentry category-fdsl tag-educacion tag-fdsl tag-gnu-solidario tag-salud tag-sofware-libre\">\n\n<div class=\"wp-block-group is-content-justification-left is-layout-constrained wp-container-core-group-is-layout-37dc2e5c wp-block-group-is-layout-constrained\" style=\"padding-bottom:var(--wp--preset--spacing--60)\">\n<div class=\"wp-block-group is-content-justification-left is-layout-constrained wp-container-core-group-is-layout-456ed23b wp-block-group-is-layout-constrained\"><div class=\"wp-block-post-date\"><time datetime=\"2013-02-19T09:47:00-04:00\">19 de febrero de 2013<\/time><\/div>\n\n<h2 class=\"has-link-color wp-elements-0178a5b9fc81856ef2733511accafc73 wp-block-post-title\"><a href=\"https:\/\/fdsl.org.do\/index.php\/2013\/02\/19\/convenio-institucional-fdsl-gnu-solidario\/\" target=\"_self\" >Convenio Institucional FDSL &#8211; GNU Solidario<\/a><\/h2>\n\n<div class=\"wp-block-post-excerpt\"><p class=\"wp-block-post-excerpt__excerpt\">La&nbsp;Fundaci\u00f3n Dominicana de Software Libre&nbsp;ha firmado un convenio interinstitucional con la organizaci\u00f3n&nbsp;GNU Solidario. Misi\u00f3n de GNU Solidario Entregar Salud y Educaci\u00f3n con Software Libre. Salud y educaci\u00f3n son las bases&hellip; <a class=\"wp-block-post-excerpt__more-link\" href=\"https:\/\/fdsl.org.do\/index.php\/2013\/02\/19\/convenio-institucional-fdsl-gnu-solidario\/\">Read more<\/a><\/p><\/div><\/div>\n<\/div>\n\n<\/li><li class=\"wp-block-post post-466 post type-post status-publish format-standard hentry category-fdsl tag-educacion tag-fdsl tag-matematica tag-redome tag-republica-dominicana tag-uasd\">\n\n<div class=\"wp-block-group is-content-justification-left is-layout-constrained wp-container-core-group-is-layout-37dc2e5c wp-block-group-is-layout-constrained\" style=\"padding-bottom:var(--wp--preset--spacing--60)\">\n<div class=\"wp-block-group is-content-justification-left is-layout-constrained wp-container-core-group-is-layout-456ed23b wp-block-group-is-layout-constrained\"><div class=\"wp-block-post-date\"><time datetime=\"2013-02-14T06:45:00-04:00\">14 de febrero de 2013<\/time><\/div>\n\n<h2 class=\"has-link-color wp-elements-0178a5b9fc81856ef2733511accafc73 wp-block-post-title\"><a href=\"https:\/\/fdsl.org.do\/index.php\/2013\/02\/14\/congreso-redome-2013\/\" target=\"_self\" >Congreso REDOME 2013<\/a><\/h2>\n\n<div class=\"wp-block-post-excerpt\"><p class=\"wp-block-post-excerpt__excerpt\">La Fundaci\u00f3n Dominicana de Software Libre (FDSL) particip\u00f3 en el d\u00e9cimo cuarto congreso anual de la Red Dominicana de Matem\u00e1tica Educativa (REDOME). El evento se celebr\u00f3 en la sede regional&hellip; <a class=\"wp-block-post-excerpt__more-link\" href=\"https:\/\/fdsl.org.do\/index.php\/2013\/02\/14\/congreso-redome-2013\/\">Read more<\/a><\/p><\/div><\/div>\n<\/div>\n\n<\/li><\/ul>\n\n\n\n<\/div>\n<\/div>\n<\/div>\n<\/div>\n<\/main>\n","protected":false},"excerpt":{"rendered":"","protected":false},"author":4,"featured_media":0,"parent":0,"menu_order":0,"comment_status":"closed","ping_status":"closed","template":"","meta":{"footnotes":""},"class_list":["post-93","page","type-page","status-publish","hentry"],"_links":{"self":[{"href":"https:\/\/fdsl.org.do\/index.php\/wp-json\/wp\/v2\/pages\/93","targetHints":{"allow":["GET"]}}],"collection":[{"href":"https:\/\/fdsl.org.do\/index.php\/wp-json\/wp\/v2\/pages"}],"about":[{"href":"https:\/\/fdsl.org.do\/index.php\/wp-json\/wp\/v2\/types\/page"}],"author":[{"embeddable":true,"href":"https:\/\/fdsl.org.do\/index.php\/wp-json\/wp\/v2\/users\/4"}],"replies":[{"embeddable":true,"href":"https:\/\/fdsl.org.do\/index.php\/wp-json\/wp\/v2\/comments?post=93"}],"version-history":[{"count":1,"href":"https:\/\/fdsl.org.do\/index.php\/wp-json\/wp\/v2\/pages\/93\/revisions"}],"predecessor-version":[{"id":8837,"href":"https:\/\/fdsl.org.do\/index.php\/wp-json\/wp\/v2\/pages\/93\/revisions\/8837"}],"wp:attachment":[{"href":"https:\/\/fdsl.org.do\/index.php\/wp-json\/wp\/v2\/media?parent=93"}],"curies":[{"name":"wp","href":"https:\/\/api.w.org\/{rel}","templated":true}]}}